{"id":40,"date":"2014-06-01T08:57:43","date_gmt":"2014-06-01T08:57:43","guid":{"rendered":"http:\/\/trinational2014.sichtweisen.org\/?page_id=40"},"modified":"2014-08-21T19:00:41","modified_gmt":"2014-08-21T19:00:41","slug":"downloads","status":"publish","type":"page","link":"http:\/\/trinational2014.sichtweisen.org\/?page_id=40","title":{"rendered":"DOWNLOADS"},"content":{"rendered":"<p>&nbsp;<\/p>\n<p><span style=\"color: #5091b7;\">F\u00dcR DIE PRESSE<\/span><\/p>\n<p>Eine umfangreiche Pressemappe zum\u00a0Trinationalen K\u00fcnstlertreffen 2014 &#8211; basierend auf dieser Website &#8211; l\u00e4\u00dft sich \u00fcber diesen Link herunterladen:\u00a0<a title=\"http:\/\/birzer.net\/trinational2014\/Pressemappe.pdf\" href=\"http:\/\/birzer.net\/trinational2014\/Pressemappe.pdf\" target=\"_blank\">http:\/\/birzer.net\/trinational2014\/Pressemappe.pdf<\/a><\/p>\n<p>Das Plakat zum 2. TKT ist \u00fcber diesen Link herunterzuladen:\u00a0<a title=\"http:\/\/birzer.net\/trinational2014\/2TKT_Plakat_2014.pdf\" href=\"http:\/\/birzer.net\/trinational2014\/2TKT_Plakat_2014.pdf\" target=\"_blank\">http:\/\/birzer.net\/trinational2014\/2TKT_Plakat_2014.pdf<\/a><\/p>\n<p>&nbsp;<\/p>\n<p><span style=\"color: #5091b7;\">F\u00dcR TEILNEHMER<\/span><\/p>\n<p>BESCHREIBUNG DES TREFFENS<\/p>\n<p>Eine formale Beschreibung des Trinationalen K\u00fcnstlertreffen 2014\u00a0l\u00e4\u00dft sich \u00fcber diesen Link herunterladen:\u00a0<a title=\"http:\/\/birzer.net\/trinational2014\/Folder_2014_S2.pdf\" href=\"http:\/\/birzer.net\/trinational2014\/Folder_2014_S2.pdf\" target=\"_blank\">http:\/\/birzer.net\/trinational2014\/Folder_2014_S2.pdf<\/a><\/p>\n<p>BEWERBUNGSUNTERLAGEN<\/p>\n<p>Ein Bewerbungsbogen zur Teilnahme am Trinationalen K\u00fcnstlertreffen 2014\u00a0findet sich hier:\u00a0<a title=\"http:\/\/birzer.net\/trinational2014\/Folder_2014_S1.pdf\" href=\"http:\/\/birzer.net\/trinational2014\/Folder_2014_S1.pdf\" target=\"_blank\">http:\/\/birzer.net\/trinational2014\/Folder_2014_S1.pdf<\/a><\/p>\n<p style=\"text-align: justify;\">\n","protected":false},"excerpt":{"rendered":"<p>&nbsp; F\u00dcR DIE PRESSE Eine umfangreiche Pressemappe zum\u00a0Trinationalen K\u00fcnstlertreffen 2014 &#8211; basierend auf dieser Website &#8211; l\u00e4\u00dft sich \u00fcber diesen Link herunterladen:\u00a0http:\/\/birzer.net\/trinational2014\/Pressemappe.pdf Das Plakat zum 2. TKT ist \u00fcber diesen Link herunterzuladen:\u00a0http:\/\/birzer.net\/trinational2014\/2TKT_Plakat_2014.pdf &nbsp; F\u00dcR TEILNEHMER BESCHREIBUNG DES TREFFENS Eine formale Beschreibung des Trinationalen K\u00fcnstlertreffen 2014\u00a0l\u00e4\u00dft sich \u00fcber diesen Link herunterladen:\u00a0http:\/\/birzer.net\/trinational2014\/Folder_2014_S2.pdf BEWERBUNGSUNTERLAGEN Ein Bewerbungsbogen zur Teilnahme [&hellip;]<\/p>\n","protected":false},"author":1,"featured_media":0,"parent":0,"menu_order":0,"comment_status":"closed","ping_status":"closed","template":"","meta":{"footnotes":""},"class_list":["post-40","page","type-page","status-publish","hentry"],"_links":{"self":[{"href":"http:\/\/trinational2014.sichtweisen.org\/index.php?rest_route=\/wp\/v2\/pages\/40","targetHints":{"allow":["GET"]}}],"collection":[{"href":"http:\/\/trinational2014.sichtweisen.org\/index.php?rest_route=\/wp\/v2\/pages"}],"about":[{"href":"http:\/\/trinational2014.sichtweisen.org\/index.php?rest_route=\/wp\/v2\/types\/page"}],"author":[{"embeddable":true,"href":"http:\/\/trinational2014.sichtweisen.org\/index.php?rest_route=\/wp\/v2\/users\/1"}],"replies":[{"embeddable":true,"href":"http:\/\/trinational2014.sichtweisen.org\/index.php?rest_route=%2Fwp%2Fv2%2Fcomments&post=40"}],"version-history":[{"count":14,"href":"http:\/\/trinational2014.sichtweisen.org\/index.php?rest_route=\/wp\/v2\/pages\/40\/revisions"}],"predecessor-version":[{"id":777,"href":"http:\/\/trinational2014.sichtweisen.org\/index.php?rest_route=\/wp\/v2\/pages\/40\/revisions\/777"}],"wp:attachment":[{"href":"http:\/\/trinational2014.sichtweisen.org\/index.php?rest_route=%2Fwp%2Fv2%2Fmedia&parent=40"}],"curies":[{"name":"wp","href":"https:\/\/api.w.org\/{rel}","templated":true}]}}